- k = 3*u. Suppose 0 = j - 2*g - 28, 4 = j + u*g - 0. What is the tens digit of j?
2
Suppose -11*g - 2*g = -10023. What is the units digit of g?
1
Let n(h) = 6*h**3 - 15*h**2 + 2*h - 12. Let r(f) = -7*f**3 + 16*f**2 - f + 13. Let j(p) = -6*n(p) - 5*r(p). What is the tens digit of j(8)?
7
Let t(c) = 5*c**2 + 33*c + 16. What is the units digit of t(-11)?
8
Let d = 29 - 26. Suppose -d = -o - 1. Suppose -o*n = 4*g - 254, -n = -g + 2*n + 60. What is the tens digit of g?
6
Let f(h) = 5*h**2 - 316*h - 3*h**2 + 12 + 311*h. What is the tens digit of f(5)?
3
Let p = -26 + 44. Suppose 4*q = 22 + p. What is the units digit of 2/(-10) + 242/q?
4
Suppose 5*c + 110 - 2594 = -4*n, -3134 = -5*n + c. Let t = n + -422. What is the hundreds digit of t?
2
Let s be ((-3)/3)/((6/2)/(-6)). Suppose 3*w + s*w - 425 = 0. What is the units digit of w?
5
Let p = 646 - -1713. What is the hundreds digit of p?
3
Let d be (-6)/(-9) - 50/(-6). Let s be 10*-3*(-24)/d. Suppose -7*f = -2*f - s. What is the tens digit of f?
1
Suppose -4*w + j + 51 = 0, 3*w - 5*j + j - 35 = 0. Suppose -2*h - 5 + w = 0. Suppose 6*r = h*r + 22. What is the units digit of r?
1
Suppose 2*y = i + 4, -28 = -2*y + 3*i - 8*i. Suppose -4*l = -4*s + 32, 0 = 2*l + 12 - 4. Suppose -2*h - b = 4*b - 45, s*b + y = 0. What is the units digit of h?
5
Suppose -8*g + 136 + 0 = 0. Suppose o - g = 53. What is the units digit of o?
0
Let j(n) be the second derivative of -7*n**4/12 + 4*n. Let w be j(-1). What is the units digit of (-3)/w + 8/14?
1
Suppose c = 5*q + 101 + 193, -5*c + 4*q = -1575. Suppose f - 59 = -h, -4*h - f - 80 + c = 0. What is the units digit of h?
0
Let t(h) = -h**3 - 8*h**2 - h - 4. Let u be t(-8). Suppose -u*l + l + 12 = 0. What is the tens digit of 2*34/l + 2?
1
Let m(x) = 2*x - 9. Let s be m(6). Suppose -o + 3*y - 9 = -3*o, s*y = -4*o + 15. What is the units digit of (-33)/(2 + -5) - o?
8
Let d be 69*(-5)/30*-4. Suppose 3*f = f + d. What is the tens digit of f?
2
Suppose 0 = 3*r - 2*n - 4, r - 8 = -0*n - n. Suppose -6 = -r*p + 2. Suppose d - p*k + 1 + 3 = 0, d + k - 11 = 0. What is the units digit of d?
6
Suppose 125*h = 133*h - 22672. What is the hundreds digit of h?
8
Let k be 4 - (32/(-24))/((-1)/3). Let o = 26 - 6. Suppose -g - 2 + o = k. What is the tens digit of g?
1
Suppose -3366 = -u - 4*a, -2*u + 2*a = 3393 - 10095. What is the tens digit of u?
5
Suppose 594 = 25*d + 244. What is the tens digit of d?
1
Let y = 6 + 5. Let t = -11 + y. Suppose -2*w + 0*w - 3*s + 32 = t, -5*w - 3*s = -62. What is the units digit of w?
0
Suppose 2*d - q - 4 = 0, -d - 5*q + 25 = 4*d. Suppose -d*l + 52 = 4*b, 0 = -0*l - 2*l - 5*b + 23. What is the units digit of l?
4
Suppose 0 = 6*r - 17306 - 15496. What is the tens digit of r?
6
What is the tens digit of 574 + 2/(-2) + 0?
7
What is the tens digit of (-4)/((-16)/633) + (-63)/(-84)?
5
Let h = 787 + -506. Suppose -h = -5*a + 1034. What is the units digit of a?
3
Suppose 5*w + 13973 = 12*c - 9*c, -2*w = 4*c - 18596. What is the thousands digit of c?
4
Let b(v) = -v + 12. Let x be b(9). Let s(k) = k**2 + k + 1. Let o be s(-2). Suppose 9 = x*i - o. What is the units digit of i?
4
Suppose y + 12 = f - 2*y, 2*f + 4*y - 24 = 0. Suppose f*k - 528 = 6*k. What is the tens digit of k?
8
Suppose -5902 = -5*j - 3*r, 0 = -2*j + 4*r + 1700 + 666. What is the thousands digit of j?
1
Suppose -3*c + 2*f - 4 = 0, 2*c - 3*c - 10 = -5*f. Suppose c = -12*t + 15*t - 159. What is the units digit of t?
3
Suppose -23*r = -30*r + 2730. What is the tens digit of r?
9
Let b = 3501 + 981. What is the units digit of b?
2
Let i(b) = b**3 - 6*b**2 - 5*b - 4. Let p be i(10). Let v = p - 246. Suppose 2*t - v = -3*t. What is the units digit of t?
0
Let y be 1 + 5 + -3 - 1. Suppose f - 12 = -y*f. What is the units digit of f/((-4)/(-3)) - -34?
7
Let a(u) = -u**2 + 5*u. Let r be a(5). Let y(k) = -8*k - 24 + r*k - 3*k + 6*k. What is the units digit of y(-10)?
6
Let a = 41 + -21. Suppose a*h = 25*h - 10. What is the units digit of h?
2
Suppose 2*a - 7*a + 10 = x, -3*x + 2*a - 4 = 0. What is the units digit of 3 - x - (-30)/5?
9
Suppose 3*s + c - 1 = 0, 3 = s + 3*c - 4*c. What is the tens digit of s*14 + 8 + -7?
1
Suppose -4*p - 1108 = -6*p - 4*s, -1664 = -3*p - 5*s. What is the units digit of p?
8
Let j be 92397/456 + 3/8. Suppose g = 2*s - 5, -4*s + 5*g = -s + 10. Suppose -s*l + 72 = -j. What is the units digit of l?
5
Suppose 3*c - 10533 = -5*t, 3*c - 8427 = -4*t - 0*c. What is the tens digit of t?
0
Let t(o) = -o**3 + 8*o**2 + 8*o - 6. Let r be 52/6 - (-4)/12. Let k be t(r). What is the tens digit of (k - 1)/(10/(-15))?
2
Let x(i) = 8*i + 3. What is the hundreds digit of x(38)?
3
What is the hundreds digit of (124792/(-114))/(-2*(-2)/(-3))?
8
Let i(u) = -26*u**3 + 2*u**2 - u - 2. Let k(a) = -a. Let g(f) = 6*f + 1. Let d(h) = -g(h) - 5*k(h). Let y be d(0). What is the tens digit of i(y)?
2
Suppose -5*p + 0*p - 4*j - 5 = 0, 0 = -2*p + j - 2. Let a be (p + 0)/((-6)/30). Suppose -a*v + 23 = -77. What is the units digit of v?
0
Suppose 20*z - 7*z - 169 = 0. Suppose -p - 2*o = -z, -o = 3*p + 4*o - 43. What is the units digit of p?
1
Suppose 1 = -3*r - 17. Let t(f) = 2*f**2 + 3*f - 11. What is the tens digit of t(r)?
4
Suppose -2*g = 2*u - 6*u + 6, -51 = 5*g - u. Let w(c) = -2*c - 22. Let z be w(g). Let n(v) = -v**3 - v + 29. What is the tens digit of n(z)?
2
Let r be (-6)/8 - 0 - 161/(-28). Suppose -a + 86 = -y + 301, r*y - 1115 = -3*a. What is the hundreds digit of y?
2
Suppose 3*l = 2*l - 2. Let x(g) = -10*g - 5. Let u be x(l). Suppose -p - 4*w = -u, 2*w + w + 6 = 0. What is the tens digit of p?
2
Suppose 0 = 2*r - 4*r. Let x = 13 - 10. Suppose -x*a + 6 = 0, o - 4*a - 19 = -r*o. What is the units digit of o?
7
Let r be ((-6)/18)/((-1)/3) - 9. What is the tens digit of 44*(0 - 2/r)?
1
Let m = -1014 + 2520. What is the tens digit of m?
0
Suppose -138*b = -130*b - 26552. What is the units digit of b?
9
Let x(o) = 3*o**3 + o**2 + 2*o + 3. Let w be x(-2). Let h = w + 2. What is the tens digit of ((h/(-1))/1)/1?
1
What is the tens digit of (-2)/11 + 248310/341?
2
Let g(u) = 42*u + 23. Let v(n) = -126*n - 69. Let w(j) = -8*g(j) - 3*v(j). What is the units digit of w(4)?
1
Let r(c) = -95*c + 17. Let u(z) = 47*z - 8. Let i(v) = 6*r(v) + 13*u(v). What is the units digit of i(3)?
1
Suppose 3*y = 2*y + p + 145, 2*p = 4*y - 578. Suppose -y = -d + 4. Suppose -m + 3*g + 16 = 0, -3*m = 2*m + 2*g - d. What is the units digit of m?
8
Suppose -l = 5*q + 15, 0*l + 3*l + 5*q + 5 = 0. Suppose 0 = -l*t - y - y + 501, 4*y = 2*t - 186. What is the units digit of t?
9
Suppose -l - 1 + 7 = 3*r, -r + 2 = 5*l. What is the tens digit of -36*(r + 24/(-9))?
2
Suppose 19*c = 10*c - 378. Let z(u) = -73*u - 1. Let p be z(-1). Let m = p + c. What is the tens digit of m?
3
Let z = 211 + -69. Suppose z = -0*a + 2*a. What is the tens digit of a?
7
Let o(z) = 1. Let a(n) = 16*n - 81. Let q(p) = a(p) - 6*o(p). What is the units digit of q(11)?
9
Let t = -15 + -12. What is the units digit of (-1 + 13)*t/(-6)?
4
Suppose -5*k + x = -1196, k - 15*x - 248 = -17*x. What is the tens digit of k?
4
Let i = -18 - -19. Let n be (i*-19)/(0 - 1). Suppose c - 62 = -2*c - 2*d, 0 = -c + d + n. What is the tens digit of c?
2
Suppose 0 = -31*z + 36*z - 495. Let f = z + -17. Suppose -3*k = -5*k + f. What is the units digit of k?
1
Let v = 146 + -106. Let w(i) = 9*i + 2. Let b be w(-3). Let j = v + b. What is the tens digit of j?
1
Let d(v) = 596*v + 29. What is the hundreds digit of d(4)?
4
Let p(s) be the third derivative of s**6/120 - 7*s**5/30 + s**4/8 - 19*s**3/6 + 17*s**2. What is the units digit of p(14)?
3
Let x = -2 - 4. Let d be x/(-15)*(-50)/(-4). Suppose d*j - 144 = -3*j. What is the tens digit of j?
1
Let a(h) = h**3 + 5*h**2 + 5*h + 9. Let g be a(-4). Suppose 2*p - 2*z = 272, g*p + 5*z = z + 662. What is the hundreds digit of p?
1
Suppose v + 188 = -3*v. Let n = 0 - v. What is the units digit of n?
7
Suppose -61 + 1 = -5*l. Suppose 303 = -l*a + 15*a. What is the hundreds digit of a?
1
Let o(t) = 3*t - 8. Let j be o(-7). Let i = j - -62. What is the tens digit of i?
3
Suppose -2*q - 5*n = -1185, 3*n + 4 = -11. Suppose 0 = -15*m + 4*m + q. What is the units digit of m?
5
Let a(t) = 1503*t**2 + 27*t. What is the thousands digit of a(1)?
1
Let l(